at is the hundreds digit of x?
1
Suppose -3*z + 6 = -21. Suppose -3*b + z = -3*q, 0*q + q - 5*b = -23. What is the units digit of q?
2
Suppose -4*a - g + 16 = 0, -4*a + g - 2 + 10 = 0. Suppose 3*l = l - d + 28, 0 = a*l + d - 43. What is the units digit of l?
5
Suppose 6*r = r + 5*q, 0 = -3*r - 3*q. Suppose -5*a + 52 = -0*i + 2*i, -4*a + 2*i + 38 = r. What is the units digit of a?
0
Let h(o) = o**2 + 0 - 12*o + 3 + 2. What is the units digit of h(13)?
8
Let a = -113 - -197. What is the tens digit of a?
8
Let f be (10/3)/(2/(-3)). Let v(b) = 5*b**3 - 2*b**2 - b - 1. Let n be v(-2). What is the units digit of 4/(-10) + n/f?
9
Let p(m) = m**3 - 7*m**2 - 8*m + 4. Let d be p(8). Suppose -5*b - 25 = 0, 0 = d*z + b + 2*b - 29. What is the units digit of z?
1
Let r(z) = -z**2 - 4*z + 1. Let f be r(-5). Suppose 5*n + 11 = 6*n. Let i = n + f. What is the units digit of i?
7
Let g = 61 + 3. Suppose 2*q + i - 2*i - g = 0, 4*q - 130 = i. What is the units digit of q?
3
Suppose 6 + 6 = 3*n. Suppose 2*z - n = -2*u, 1 = z - 5*u - 1. What is the units digit of z?
2
Let f(l) = -6 + 2 + l + l**2 + l. Let z be f(-4). Let n = z - 3. What is the units digit of n?
1
Let y(v) = -8*v - 4 + 1 + 6. What is the units digit of y(-3)?
7
Suppose 0 = -k + 7 - 4. Suppose 2*o = k*d - 8*d + 32, 0 = 4*d + 4*o - 16. Let l = 0 + d. What is the units digit of l?
8
Let f(u) = -7*u. Let w be f(1). Let p = w - -11. What is the units digit of p?
4
Let w(u) = -u**3 - 5*u**2 + 10*u + 3. Let h be w(-6). Let a be -14 - 0*(-1 + 2). What is the units digit of ((-32)/(-6))/(a/h)?
8
What is the tens digit of 2012/16 + (-3)/(-12)?
2
Let y(a) be the first derivative of a**2 - 4*a - 3. What is the units digit of y(5)?
6
Let h(x) = 5*x**2 + 7*x + 14. Let b(c) = c**2 + c + 1. Let s(y) = -6*b(y) + h(y). What is the units digit of s(0)?
8
Let i be 7 - (-6 - -3 - 0). What is the units digit of (-183)/(-15) - 2/i?
2
Let p(r) = r**3 - 2*r**2 - 2. Let t be p(-2). Suppose -24 = -3*a - a. What is the units digit of 20/a*t/(-15)?
4
Let r(x) be the third derivative of x**4/24 - 2*x**3/3 + x**2. What is the units digit of r(11)?
7
Let m = -38 + 78. What is the tens digit of m?
4
Let a(j) be the first derivative of -j**2/2 + 16*j + 4. What is the units digit of a(7)?
9
Let w(v) be the third derivative of -v**4/24 + 13*v**3/6 + v**2. Suppose 4*u - 9 = 3*u. What is the units digit of w(u)?
4
Let w = 9 + -7. What is the units digit of 11/(w*(-3)/(-6))?
1
Let c(t) = -t**3 - 2*t**2 - 3*t - 2. Let p be c(-2). Suppose -4*l + 56 = p*b, l - 2*b - b = 14. What is the tens digit of l?
1
Suppose 5*v + 5 + 10 = 0. Let x = -25 - -29. Let i = v + x. What is the units digit of i?
1
Suppose -y = d - 7, 3*y + 2*y - 4*d = -1. What is the units digit of (y/6)/(2/28)?
7
Suppose o - 3*o = -40. What is the tens digit of (o/(-6))/((-2)/6)?
1
Let g(s) = -s - 15. Let u be g(-11). What is the tens digit of -3 - u/((-4)/(-13))?
1
Suppose -5*r - 5*f = 2 - 7, 8 = 2*r - f. Let t be (-159)/4 - r/12. What is the units digit of (48/t)/((-4)/30)?
9
Suppose -3*s + 572 = -5*m, 4*m + 11 = s - 182. What is the tens digit of s?
8
Suppose -p = -4*a - 36, -3*p + 52 = -a + 3*a. Suppose v + p = -2. Let u = 39 + v. What is the units digit of u?
7
Suppose -b = -m - 6 + 15, -4*b + m - 39 = 0. Let c = 15 + b. Suppose 0*h + 25 = c*h. What is the units digit of h?
5
Let w be 2 - (4 - 1 - 1). What is the tens digit of (16 - 1) + 1 + w?
1
Suppose 5*a - 4*a = 4*f + 2, 6 = 3*a - 3*f. What is the units digit of (-102)/(-3)*(3 - a)?
4
Let h be 0 + 1 + 1 - -9. Let a be h/9 + (-4)/18. Suppose 4*b + a = 5. What is the units digit of b?
1
Suppose 0*k = 4*k. Suppose k + 11 = y. What is the tens digit of y?
1
Let q(y) = 1 + 2*y - y - 7. Let l be q(9). Suppose -p - l*w + 5*w + 9 = 0, 69 = 5*p + 2*w. What is the tens digit of p?
1
Let f = 5 - -34. What is the tens digit of f?
3
Let a(d) = -3*d - 5. What is the units digit of a(-10)?
5
Let d = -5 - -9. Suppose 0 = -y + d*y + 15. Let f(h) = -h**3 - 3*h**2 + 8*h + 3. What is the tens digit of f(y)?
1
Suppose 3 = 3*b - 3. Suppose -2*a + b*u + 72 = 0, -30 = -2*a - u + 57. What is the tens digit of a?
4
What is the units digit of (9/(-3) - 1) + 45?
1
Let f = -115 + 216. What is the units digit of f?
1
Suppose -5*s + 19 = -16. Let n = -4 + s. Suppose -n*c + 10 = 2*c. What is the units digit of c?
2
Suppose -f = -4*m + 19, -2*m - 2*f + 40 = 3*m. What is the units digit of (1/(-3))/((-2)/m)?
1
Suppose -w = 3*f - 112, 0*f - 2*f - w = -74. Suppose -5*t = -f + 8. Suppose 0 = -2*g + a + 36 - t, -5*g + 78 = -a. What is the tens digit of g?
1
Let q = -14 + 17. Suppose 60 = q*d - 3*c, -3*d = 2*c - 11 - 59. What is the units digit of d?
2
Let u(a) = a**2 - 9*a + 26. What is the tens digit of u(12)?
6
Let l = -17 + 61. What is the units digit of l?
4
Suppose 6 = -z - 2*v - 4, 3*v + 12 = -z. Let t be 1*(-2 + 0)*-3. What is the tens digit of 112/t + z/9?
1
Suppose 439 + 467 = 3*m. What is the units digit of m?
2
Suppose q - 4*g = -q + 8, -3*g = 3. What is the units digit of 24/16*q/1?
3
Suppose -7*h = -9*h + 74. What is the units digit of h?
7
Suppose 3*i = 5*g - 315 - 111, 0 = -5*i - 10. What is the tens digit of g?
8
Suppose -3*i = 5*k - 271 - 395, 3*k - 386 = 5*i. What is the hundreds digit of k?
1
Let u(z) = 3*z**2 + 2*z**2 + 29 + 0*z**2 - 6*z**2 - z. What is the tens digit of u(0)?
2
Let z(n) = 5*n - 6. Let l be z(6). What is the units digit of (1/(-3))/((-4)/l)?
2
Let j(y) be the first derivative of y**2/2 + 1. Let l be j(6). Suppose -l*s + 24 = -3*s. What is the units digit of s?
8
Let h = 6 + -6. Suppose h = -u + 4*u - 36. What is the units digit of u?
2
Suppose 0 = -0*z - 2*z - 2. What is the tens digit of -7 + 19 + (z - -4)?
1
Suppose 0 = 3*m + m - 8. Suppose 3*f - 24 = m*a + 25, 103 = 5*f + 2*a. What is the tens digit of f?
1
Suppose 0*r = -r + 75. What is the tens digit of r?
7
Let z(p) be the first derivative of -p**4/4 + p**3/3 + 5*p + 1. What is the units digit of z(0)?
5
Let l be 2/(-1)*3*-1. What is the tens digit of (-2)/l + (-46)/(-3)?
1
Let n be 4/(-10) + (-3)/5. What is the tens digit of n + -2 + 16 + -3?
1
Let k(t) = -t**3 - t**2 + t + 8. What is the units digit of k(0)?
8
Suppose 3*m + k - 80 = -4*k, 0 = -m - 4*k + 36. Suppose z + 4 = m. What is the units digit of z/(-3)*1*-3?
6
Let d = -36 - -52. Suppose -t + d = 3*t. Suppose k - 2*p - t = 0, 4*p - 19 = -k + 3. What is the units digit of k?
0
Suppose 25 = -a - 5*b, -2*a = 2*a - 5*b. Let q(d) = d**2 + 4*d - 4. What is the units digit of q(a)?
1
Suppose -5 + 3 = -t. Let h be (-39)/9 + t/6. What is the tens digit of -7*(h + -2 + 4)?
1
Let j = -109 - -189. What is the tens digit of j?
8
Suppose 5*h + 4*u - 3 - 8 = 0, 4*u - 12 = -4*h. Let w(a) = 9*a**2 - 1. Let g be w(h). Suppose -2*n = -g - 4. What is the units digit of n?
6
Let n = 63 - 61. What is the units digit of n?
2
Suppose 2*h - 510 = -5*n - h, -n + 115 = -2*h. What is the units digit of n?
5
Suppose 0 = 22*w - 19*w - 183. What is the tens digit of w?
6
Suppose q = -0*q + 12. What is the tens digit of q?
1
Let z(q) = 4*q + 8. Let c be z(-9). What is the tens digit of 3 - c/(4 + 0)?
1
Let d(t) = -t**3 + 5*t**2 + 6*t + 3. Let s be d(6). Let g = 7 - s. Let l = 6 - g. What is the units digit of l?
2
Let u = 10 + -5. Suppose -c + 3*c + 2*g - 16 = 0, -4*c - u*g = -28. Let n = -7 + c. What is the units digit of n?
5
Let x(q) = -3*q. What is the tens digit of x(-6)?
1
Suppose r = 4*r + 2*c - 14, 0 = -5*r + 5*c + 15. Let d = 11 + -8. Suppose r*g = d*x, -3*x - 1 = g - 4*x. What is the units digit of g?
3
Let f = 161 - 138. What is the units digit of f?
3
Let z = 26 - 12. What is the units digit of 2/(z/(-8) + 2)?
8
Let b be (2 - 3)/((-1)/153). Suppose 4*h = -5*l + b, 76 = h + h + 2*l. What is the units digit of h?
7
Let k(v) = -2*v - 7. Let r be k(-4). Let g(y) = 10*y**3 - y**2 + 1. What is the units digit of g(r)?
0
Let t be (-408)/(-28) + 3/7. Suppose 0 = -2*y + y + t. What is the tens digit of y?
1
Let b(h) = -7*h**3 + 2*h**2 - 2*h**3 + 3*h + 8*h**3 + 4. What is the units digit of b(3)?
4
Let w(t) = -t**3 + 10*t**2 - 6*t - 9. What is the tens digit of w(9)?
1
Let i = -2 - -4. Suppose 3*v = 7*v - 4*o - 84, 2 = i*o. What is the tens digit of v?
2
Suppose -3*z + 7*z - 200 = 0. What is the units digit of z?
0
Suppose 247 